ue
Does 1529 divide 10346743?
True
Does 240 divide 363457?
False
Is 34 a factor of 4453320?
True
Is 62 a factor of 6605976?
True
Is 1430215 a multiple of 7?
False
Is 49 a factor of 2722971?
False
Is 7 a factor of 36521?
False
Is 149 a factor of 472479?
True
Is 427 a factor of 195139?
True
Does 8 divide 12968?
True
Is 278852 a multiple of 92?
True
Does 87 divide 13833?
True
Is 22 a factor of 3479498?
True
Does 59 divide 311874?
True
Is 8680882 a multiple of 320?
False
Is 21 a factor of 294722?
False
Is 2 a factor of 5646756?
True
Does 134 divide 529556?
False
Is 763406 a multiple of 22?
False
Does 456 divide 136739?
False
Is 324416 a multiple of 45?
False
Is 41927 a multiple of 7?
False
Is 136 a factor of 361543?
False
Is 50 a factor of 250500?
True
Is 768 a factor of 2147098?
False
Is 326457 a multiple of 339?
True
Is 13 a factor of 342719?
True
Is 90 a factor of 3105734?
False
Is 39 a factor of 30980?
False
Does 369 divide 164200?
False
Does 17 divide 33089?
False
Is 30 a factor of 4886520?
True
Is 669717 a multiple of 440?
False
Is 124307 a multiple of 89?
False
Does 300 divide 128100?
True
Does 23 divide 160030?
False
Does 331 divide 137352?
False
Does 87 divide 81084?
True
Is 157335 a multiple of 15?
True
Does 568 divide 11856842?
False
Is 20590 a multiple of 5?
True
Is 117 a factor of 11858184?
True
Does 14 divide 877450?
True
Is 681134 a multiple of 16?
False
Is 7 a factor of 771939?
True
Does 248 divide 266600?
True
Is 395 a factor of 1111135?
True
Is 5 a factor of 71963?
False
Is 198 a factor of 61878?
False
Does 45 divide 188284?
False
Does 59 divide 3612581?
False
Is 702477 a multiple of 36?
False
Is 639209 a multiple of 16?
False
Does 17 divide 1161219?
True
Does 39 divide 10060?
False
Does 28 divide 588974?
False
Is 7478398 a multiple of 1107?
False
Is 288052 a multiple of 23?
True
Is 144 a factor of 68400?
True
Is 47 a factor of 6692826?
False
Is 505728 a multiple of 8?
True
Is 266318 a multiple of 26?
True
Is 1079 a multiple of 3?
False
Is 33 a factor of 2378904?
True
Is 169356 a multiple of 69?
False
Does 29 divide 117693?
False
Is 27 a factor of 69758?
False
Does 24 divide 166368?
True
Does 19 divide 384879?
False
Does 38 divide 121840?
False
Is 387 a factor of 1227564?
True
Is 708347 a multiple of 71?
False
Is 155533 a multiple of 80?
False
Is 328 a factor of 19514688?
True
Does 593 divide 6809202?
False
Does 274 divide 574905?
False
Does 12 divide 214488?
True
Is 14925792 a multiple of 532?
True
Does 6 divide 48624?
True
Is 102980 a multiple of 76?
True
Is 9614 a multiple of 9?
False
Is 156 a factor of 60351?
False
Is 5418834 a multiple of 1523?
True
Does 802 divide 2420343?
False
Does 22 divide 412329?
False
Is 68 a factor of 921971?
False
Does 10 divide 784110?
True
Does 3 divide 129906?
True
Is 14 a factor of 69383?
False
Does 24 divide 517724?
False
Is 19 a factor of 301722?
False
Is 1763416 a multiple of 18?
False
Is 4 a factor of 427167?
False
Is 3982093 a multiple of 75?
False
Does 9 divide 4595886?
True
Is 3 a factor of 119421?
True
Is 833872 a multiple of 844?
True
Does 67 divide 474525?
False
Does 6 divide 4863?
False
Is 5067482 a multiple of 89?
True
Is 4715400 a multiple of 92?
False
Is 14 a factor of 202894?
False
Is 9 a factor of 73485?
True
Is 14635210 a multiple of 15?
False
Does 27 divide 153279?
True
Is 566688 a multiple of 5?
False
Is 738435 a multiple of 15?
True
Is 8080105 a multiple of 1373?
True
Does 181 divide 75902?
False
Is 120886 a multiple of 4?
False
Does 2 divide 1733?
False
Is 567 a factor of 821583?
True
Does 520 divide 204859?
False
Is 26 a factor of 8494018?
True
Is 65348 a multiple of 124?
True
Is 366106 a multiple of 107?
False
Does 5 divide 5932575?
True
Does 75 divide 2859825?
True
Is 147 a factor of 230097?
False
Is 45 a factor of 1411065?
True
Is 780 a factor of 6302400?
True
Is 84 a factor of 5523672?
True
Is 212440 a multiple of 10?
True
Does 366 divide 834112?
False
Is 54540 a multiple of 90?
True
Is 197 a factor of 130269?
False
Is 35 a factor of 309715?
True
Is 488076 a multiple of 96?
False
Does 571 divide 1822061?
True
Is 328 a factor of 321768?
True
Is 4610681 a multiple of 29?
True
Is 220 a factor of 1159405?
False
Does 14 divide 4545870?
True
Does 48 divide 120415?
False
Is 2 a factor of 13225?
False
Is 1858531 a multiple of 123?
False
Is 56 a factor of 31575?
False
Does 209 divide 4732?
False
Is 260062 a multiple of 11?
True
Is 71 a factor of 494231?
True
Does 139 divide 280363?
True
Is 1362663 a multiple of 35?
False
Does 74 divide 202197?
False
Is 12041322 a multiple of 40?
False
Is 57169 a multiple of 32?
False
Is 309 a factor of 4856862?
True
Is 30539 a multiple of 419?
False
Is 26 a factor of 8817438?
False
Is 993413 a multiple of 787?
False
Is 398 a factor of 416645?
False
Does 365 divide 1863690?
True
Is 70 a factor of 39068?
False
Is 313344 a multiple of 146?
False
Is 602316 a multiple of 162?
True
Is 148304 a multiple of 15?
False
Does 932 divide 4637857?
False
Does 20 divide 126800?
True
Is 1221586 a multiple of 589?
True
Is 13 a factor of 67626?
True
Is 27190611 a multiple of 775?
False
Is 37 a factor of 107855?
True
Is 3075014 a multiple of 6?
False
Is 5067194 a multiple of 501?
False
Does 144 divide 458352?
True
Is 74 a factor of 19980?
True
Is 22 a factor of 596574?
True
Does 8 divide 347504?
True
Is 33553136 a multiple of 1249?
True
Is 63 a factor of 36666?
True
Is 1263912 a multiple of 324?
False
Is 90 a factor of 205650?
True
Does 43 divide 2306434?
True
Is 5694525 a multiple of 33?
False
Is 70 a factor of 2796570?
True
Is 106 a factor of 14479337?
False
Is 1876604 a multiple of 61?
True
Does 4 divide 516139?
False
Is 86 a factor of 2254490?
True
Does 48 divide 385152?
True
Is 8 a factor of 59944?
True
Is 7888441 a multiple of 11?
True
Is 68850 a multiple of 5?
True
Is 73 a factor of 1518984?
True
Does 2 divide 446349?
False
Does 20 divide 56218?
False
Is 260 a factor of 638389?
False
Is 26 a factor of 34938?
False
Is 85 a factor of 619990?
True
Is 2472196 a multiple of 36?
False
Does 263 divide 1805153?
False
Is 310 a factor of 484308?
False
Is 22070 a multiple of 2?
True
Is 176382 a multiple of 478?
True
Is 318 a factor of 868674?
False
Is 6834889 a multiple of 1003?
False
Is 18220 a multiple of 20?
True
Does 80 divide 192560?
True
Does 19 divide 329451?
False
Does 44 divide 13631?
False
Is 299030 a multiple of 2?
True
Is 6824659 a multiple of 11?
False
Does 27 divide 595500?
False
Is 318 a factor of 14182164?
True
Does 1407 divide 7573210?
False
Is 11 a factor of 12887678?
False
Does 29 divide 154376?
False
Is 2243169 a multiple of 3?
True
Is 159605 a multiple of 3?
False
Is 36 a factor of 29753?
False
Is 6520639 a multiple of 27?
False
Is 6596721 a multiple of 9?
True
Does 479 divide 83575?
False
Is 14949684 a multiple of 54?
True
Is 9 a factor of 69157?
False
Is 206118 a multiple of 33?
True
Does 141 divide 86292?
True
Is 8 a factor of 5335576?
True
Is 6 a factor of 128382?
True
Is 618 a factor of 12216006?
True
Does 38 divide 37848?
True
Is 142016 a multiple of 64?
True
Does 16 divide 6311960?
False
Does 4 divide 859396?
True
Does 209 divide 172425?
True
Is 63 a factor of 188764?
False
Is 174 a factor of 325821?
False
Is 670260 a multiple of 20?
True
Does 1301 divide 3745579?
True
Is 61054 a multiple of 7?
True
Is 8835 a multiple of 12?
False
Is 311649 a multiple of 2?
False
Is 1341015 a multiple of 345?
True
Is 23471 a multiple of 49?
True
Is 3555468 a multiple of 12?
True
Is 8 a factor of 178238?
False
Is 2594506 a multiple of 557?
True
Is 44 a factor of 135930?
False
Does 11 divide 9066530?
True
Is 16 a factor of 137856?
True
Is 1246938 a multiple of 10?
False
Is 2096123 a multiple of 79?
False
Is 29 a factor of 58435?
True
Is 177237 even?
False
Does 17 divide 642107?
True
Is 272056 a multiple of 50?
False
Is 279999 a multiple of 9?
True
Does 159 divide 924263?
False
Is 156 a factor of 231802?
False
Is 85680 a multiple of 18?
True
Is 5869802 a multiple of 15?
False
Is 250630 a multiple of 13?
False
Is 4 a factor of 572904?
True
Is 60 a factor of 1429020?
True
Does 3 divide 790324?
False
Is 265886 a multiple of 19?
True
Does 17 divide 20641?
False
Does 373 divide 175683?
True
Is 44 a factor of 14782636?
True
Is 1424178 a multiple of 178?
True
Is 